 by w(h).
0
Suppose 3*b - 40 = 2*j, 3*j = 3*b + 7 - 43. What is the remainder when 47 is divided by b?
15
Suppose 30*s = 26*s + 64. Calculate the remainder when 29 is divided by s.
13
Calculate the remainder when 124 is divided by ((-48)/(-10))/2*480/64.
16
Let n = -6 + 9. Suppose 6*i = n*i + 36. What is the remainder when i is divided by 5?
2
Let n(r) = -r**3 + 6*r**2 + 3*r + 6. Suppose -10*v = -9*v - 6. Let c be n(v). Suppose c + 3 = 3*p. Calculate the remainder when 17 is divided by p.
8
Suppose -u = -7 - 35. Let x be ((-3)/9)/((-2)/u). Suppose x*g = 3*g + 88. Calculate the remainder when g is divided by 8.
6
Suppose -543 = 5*l - 1558. Let m = 160 + -301. Let i = m + l. Calculate the remainder when i is divided by 21.
20
Let y = 25 - -13. What is the remainder when y is divided by 20?
18
Suppose 3*i - 5*g - 35 = 22, -3*g + 9 = 0. Calculate the remainder when 117 is divided by i.
21
Let x(m) = m**2 - m. Let r(o) = 2*o + 4. Calculate the remainder when r(3) is divided by x(-2).
4
Suppose -7*q + 8 = -3*q. Calculate the remainder when q is divided by 2.
0
Let z(v) = -32*v**3 - v**2 - 2*v - 2. Calculate the remainder when z(-1) is divided by 17.
14
Suppose -a - 5*d - 13 = 6, -3*a = 2*d - 8. Suppose -1 = -4*c + 11, 0 = -3*r + 4*c - a. What is the remainder when r/(-6) - 176/(-6) is divided by 15?
14
Suppose 3*p + 26 = 5*p. What is the remainder when 37 is divided by p?
11
What is the remainder when ((-150)/(-175))/(-1*2/(-378)) is divided by 42?
36
Let v = 135 - 70. Let a be v - (-3 + 6) - 2. Suppose -a = -2*d + 40. What is the remainder when d is divided by 13?
11
Let w be (-1)/(3/(-78)*-2). Let d = -6 - w. Suppose 0 = -3*k + d + 8. Calculate the remainder when k is divided by 2.
1
Let c(a) = 4*a**2 - 7*a + 3. Calculate the remainder when c(2) is divided by 2.
1
What is the remainder when ((-2)/(-6))/(-1 + 568/564) is divided by 13?
8
Let q be 8 - 6 - (0 + 0). Suppose 0*a = 3*a, -370 = -5*s + q*a. Suppose -3*l + 59 = 2*w, -4*l + s = -0*w + 5*w. Calculate the remainder when 40 is divided by l.
19
Let b(q) = q**2 - 6*q - 1. Let s be b(7). Suppose -4*a + o = -29 + s, 2*o - 10 = 0. What is the remainder when 18 is divided by a?
4
Calculate the remainder when -2*((-12)/(-8) - 2) is divided by 1.
0
What is the remainder when 34 + -12 + -1 + (-2 - -3) is divided by 3?
1
Let i = -158 + 160. What is the remainder when i is divided by 2?
0
Let z(a) = -a**3 - 4*a**2 - 3*a + 2. Let x(b) = 2*b**2 + 2*b - 1. Calculate the remainder when x(4) is divided by z(-4).
11
Let b(n) = 2*n - 1. Let p be b(1). Let x = -277 - -282. What is the remainder when p/(2/(76/2)) is divided by x?
4
Let o = 20 + 148. What is the remainder when o is divided by 19?
16
Suppose -4*q + 7*q - 33 = 0. Calculate the remainder when 98/4*(q - 7) is divided by 25.
23
Let q = 93 + -59. What is the remainder when q is divided by 19?
15
Calculate the remainder when 96 is divided by 41/2 + -2 + (-15)/(-10).
16
Suppose 5*b - 8 = 22. Let y(n) = n**2 - 6*n + 1. Let z be y(b). Suppose 3*r - z = 2. Calculate the remainder when r is divided by 1.
0
Suppose 0 = -3*s + 4*h + 6 + 24, h + 9 = s. Calculate the remainder when s is divided by 4.
2
Let y be 1 - -4 - (-4 - -5). Suppose 0 = -8*o + 3*o + 3*t + 34, 36 = y*o + 2*t. What is the remainder when 14 is divided by (4 + 2)*o/6?
6
Let b = 1 + 0. Suppose 3*r - b = 11. What is the remainder when r is divided by 3?
1
Let r = 516 + -491. What is the remainder when r is divided by 14 - (1 + 0 + 0)?
12
Suppose -r = -5*r + 3*q + 64, 0 = 4*r + q - 48. Suppose 0 = -3*t - 2*k + 16, -k = t - 3 - 3. Calculate the remainder when r is divided by t.
1
Let r(o) = 2*o**3 + 6*o**2 + 5*o + 3. Let w be r(-4). Calculate the remainder when 70 is divided by (-248)/(-14) - 14/w.
16
Suppose -4 = 2*b - g - 2*g, -5*b - 2*g = -9. What is the remainder when (-14)/(-21)*(5/1 + -2) is divided by b?
0
Suppose 4*p - 26 = -l, 2*p + 0*p = -4*l + 20. Calculate the remainder when 53 is divided by 104/p + (-6)/(-9).
17
Suppose -6*y = -11*y - 10. Let g = y + 18. Calculate the remainder when g is divided by 10 + (-1*2)/2.
7
Let s = 2 - -5. Let o be 4/(-6) + (-28)/(-6). Calculate the remainder when 4/16 + 75/o is divided by s.
5
Suppose -10 + 29 = b. What is the remainder when b is divided by (-1 - 2) + 39/3?
9
Let b = 1 + 5. Suppose -2*t + 4 = -t. What is the remainder when b is divided by t?
2
Suppose -2*c = -0*c. Let g be (2 - c)/(2/(-159)). Calculate the remainder when (g/(-9))/(1/3) is divided by 18.
17
Let u = 103 + -71. What is the remainder when 125 is divided by u?
29
Suppose -2*t = -4*f + 214, 3*f - 6*f + 5*t = -178. What is the remainder when f is divided by 18?
15
Let q = 48 + -38. Suppose r + 2*w - 37 = 0, -3*r = -r - 2*w - 74. Calculate the remainder when r is divided by q.
7
Calculate the remainder when 16 is divided by (-6)/(((-8)/3)/4).
7
Let n(a) = 4*a**2 - 9*a + 28. What is the remainder when 146 is divided by n(3)?
35
Let y = -12 - -3. Let h(b) = 2*b**2 + 10*b - 11. What is the remainder when h(y) is divided by 21?
19
Let k be (-46)/6 - 4/(-6). Let f = -5 - -7. Let v = f - k. What is the remainder when 17 is divided by v?
8
Let k(r) = r**2 - 2*r + 1. Suppose p + 6 = -5*u, -4*u = -p - 3*p + 24. What is the remainder when ((-156)/(-90)*3)/(3/15) is divided by k(p)?
8
Let i(p) = -3*p. Let x = 71 + -60. What is the remainder when x is divided by i(-2)?
5
Let y(q) = 3*q**3 + 12*q**2 - 8*q. Let w(p) = 4*p**3 + 13*p**2 - 8*p + 1. Let f(s) = -4*w(s) + 5*y(s). Calculate the remainder when f(6) is divided by 11.
9
Let h = -98 + 229. Calculate the remainder when h is divided by 27.
23
Let r = -22 + 16. Let b(x) = x**3 + 5*x**2 - 4*x - 3. Let m be b(r). Let v = 22 + m. Calculate the remainder when 12 is divided by v.
5
Suppose 5*l - 128 = -0*w - w, -5*w = 2*l - 42. Suppose -2*u + l = 2*v, 4*u + 0*v - 67 = -v. Calculate the remainder when 34 is divided by u.
16
Let s = -3 + 7. Suppose -7*g - 276 = -13*g. What is the remainder when g is divided by 1/s + 285/12?
22
Let u(m) = -m + 21. Let q = -20 + 31. What is the remainder when u(0) is divided by q?
10
Suppose 3*g + 3 + 18 = 3*l, 5*l = 3*g + 37. Let n be (-118)/((-3)/(3/(-2))). Let f = -37 - n. What is the remainder when f is divided by l?
6
What is the remainder when 58 is divided by 28 + (-3 - -7) - -4?
22
Let o = 155 + -124. Calculate the remainder when o is divided by 9.
4
Suppose 0 = -2*p + 3*p - 6. Suppose 3*g + 2*t + 0 = p, 0 = g - 4*t - 2. Let n(s) = s**3 + 5*s**2 - 7*s - 5. What is the remainder when g is divided by n(-6)?
0
What is the remainder when 50 is divided by 8 - (1 + -4) - -2?
11
Suppose 5*t = -s + 4 + 24, -4*s + 43 = -3*t. Suppose 2*n - s = 3*w, -5*w - 4*n - 9 = -n. Calculate the remainder when 0 + 1 + 87 + w is divided by 22.
19
Calculate the remainder when -3*(10/(-6) - 3) is divided by 3.
2
Let j(h) = h + 13. What is the remainder when 16 is divided by j(-3)?
6
Suppose 2*o + 16 = 4*o. Let q = 4 + -3. Suppose -q - 4 = -v. Calculate the remainder when o is divided by v.
3
Suppose -2*p - 6*d + d = -45, 0 = 4*d - 12. What is the remainder when 72 is divided by p?
12
Let x be (-2)/(-13) - 460/(-52). Suppose 2*w = -4*r - 2*w + 108, r = 5*w + x. Calculate the remainder when r is divided by 14.
10
Suppose 1285 = 14*p - 9*p. Calculate the remainder when p is divided by 52.
49
Let s = 4 - 0. What is the remainder when 15 is divided by s?
3
Suppose 4*u - 1 = 3*u. Calculate the remainder when 29 + 0 - -1 - -1 is divided by 16 + 1 + -2 + u.
15
Suppose 4*r = 2*x - 301 + 15, -3*r = -2*x + 287. Calculate the remainder when x is divided by 21.
19
Let l = 44 + -25. Calculate the remainder when 56 is divided by l.
18
Suppose 4 = 2*p, -3*n - 2*p + 2 = 1. Let r(q) = q**2 - 8*q + 8. What is the remainder when r(8) is divided by n + 1*(5 - -1)?
3
Let x = 0 + 3. Suppose x*u - 2 = -14. What is the remainder when (-198)/(-8) + u/(-16) is divided by 9?
7
Suppose 0 = -5*d + 3*v + 82, 5*d - 3*v = 2*d + 48. Calculate the remainder when 67 is divided by d.
16
Suppose -24*i + 27*i - 54 = 0. Suppose 6*f = 3*f + 153. What is the remainder when f is divided by i?
15
Let p = 3 - -9. What is the remainder when 23 is divided by p?
11
Suppose 3*x - 5*c = 99, 0 = -3*x + c + 3*c + 96. What is the remainder when x is divided by 16?
12
Let k = -9 - -21. 